4
Suppose 2 + 4 = 2*a. Suppose -a*h = -2*h - 29. Suppose -5*i + 5*n = -65, -i - 3*n + h = -0*n. Calculate the remainder when 49 is divided by i.
15
Suppose 2*f - 5*w - 112 - 37 = 0, 2*w + 290 = 4*f. Let o = 44 - 19. What is the remainder when f is divided by o?
22
What is the remainder when 14 is divided by 15/4 - 3/(-12)?
2
Suppose -5*d = 26 - 86. Suppose -r = -4*r + d. What is the remainder when -2 - r*-6*1 is divided by 12?
10
Let i(o) = o**3 + 6*o**2 + o - 4. Calculate the remainder when 94 is divided by i(-4).
22
Let v = 7 + 4. Calculate the remainder when 19 is divided by v.
8
Let b be (15/(-5))/(3/8). Let d(t) = -3*t - 1. What is the remainder when d(b) is divided by 12?
11
Suppose 0 = -3*n - 6 + 27. Let l = n - -2. What is the remainder when l is divided by 5?
4
Let y(s) = 3*s**2 + 4*s + 6. Let w be 270/33 - 2/11. Let i(u) = 2*u + 5. What is the remainder when y(-5) is divided by i(w)?
19
What is the remainder when 69 is divided by 132/8 - 24/(-16)?
15
Let z(k) = k**2 - k + 2. Let j be z(3). What is the remainder when 26 is divided by (2 + -3)*(1 - j)?
5
Suppose 18 = -2*d - 28. What is the remainder when 49 is divided by (-1)/((-3)/6) - d?
24
Let h(j) = -3*j + 3. Calculate the remainder when 46 is divided by h(-7).
22
Suppose k - 15 = -5*r, -1 = 3*k + 5*r - 26. Suppose k*a = 2*a + 81. Let l(h) = h**2 - 2*h. What is the remainder when a is divided by l(-3)?
12
Let z(u) = -3*u + 2. Let s be z(4). Let q = s - -16. What is the remainder when 17 is divided by q?
5
Let o = 28 + 20. Calculate the remainder when o is divided by 17.
14
Suppose -8*n = -6*n - 16. Calculate the remainder when (1 + -18)*(-16)/n is divided by 12.
10
Suppose 0 = -4*f - 3 - 17. Let k(d) = 2*d**2 - 2*d - 2. What is the remainder when 8/20 + (-88)/f is divided by k(-2)?
8
Let s = -91 - -30. Let x = s + 87. Calculate the remainder when x is divided by (12/8)/(6/56).
12
What is the remainder when ((-4)/5)/((-2)/45) is divided by (-2 + -1)*10/(-6)?
3
What is the remainder when 53 - (-1)/((-1)/2) is divided by 13?
12
Suppose 5*x - 23 - 27 = 0. Suppose 0 = 9*h - h - 232. Calculate the remainder when h is divided by x.
9
Let u = 5 - 14. Let y = u - -20. Let w = -19 - -39. What is the remainder when w is divided by y?
9
Let q = -5 + 13. Let y be (10/4)/(4/q). Suppose 1 - 5 = 2*u, -3*g + 40 = -y*u. What is the remainder when 27 is divided by g?
7
Suppose 5*t = 3*f - 0*t - 100, -5*t - 60 = -2*f. Calculate the remainder when f is divided by 23.
17
Let h(s) = -s**2 - 4*s. Let p(m) = m**3 - 3*m + 3. What is the remainder when p(2) is divided by h(-3)?
2
Suppose 3*x = -2*x + 975. Let s = 18 - 11. Calculate the remainder when (4/(-6))/((-10)/x) is divided by s.
6
Let z = 154 + -68. Calculate the remainder when z is divided by 2/(-5) - 896/(-40).
20
Suppose -3*j + 6*j - 15 = 0. What is the remainder when j is divided by (12/(-10))/(26/(-65))?
2
Calculate the remainder when (-425)/(-10) + (-2)/(-4) is divided by 15.
13
Let h = 15 - 6. Suppose -8 = -5*l - 4*k, -5*k - h = -5*l + 26. Calculate the remainder when l is divided by 3.
1
Suppose 0 = -4*s - 4*k, 5*s - 2*k - 29 = -8. Let u = 10 + s. What is the remainder when 25 is divided by u?
12
Let h be (-5)/(-15) + 38/(-6). Let t be 6/9 - 122/h. Let f = t + -7. Calculate the remainder when f is divided by 8.
6
Let z(f) = -f**3 - 6*f**2 - 4*f + 7. Let i(n) = n + 2. Let s be i(0). Let w be 1*(-1)/(s/10). Calculate the remainder when 4 is divided by z(w).
0
Suppose -3*f + 2*f = -5*m + 2, -4*m + 13 = 3*f. Suppose 6*d = g + d + 11, -2*g + 6 = -f*d. Suppose -11 = -4*x + 9. What is the remainder when g is divided by x?
4
Suppose 5*o + 2*m + m - 205 = 0, 4*m - 96 = -2*o. Calculate the remainder when o is divided by 13.
12
Let j = 34 - 1. Suppose 0 = 2*i + 3*i + 30. Let g = 11 - i. What is the remainder when j is divided by g?
16
Let k = 18 - -16. What is the remainder when k is divided by ((-13 - 0) + 4)*-1?
7
Suppose -3 - 47 = -2*a + l, -3*l - 6 = 0. Calculate the remainder when 91 is divided by a.
19
Let w(c) = c**2 + 8*c + 2. Let s be (-1)/((-105)/(-54) - 2). Suppose 5*m - 2 = s. What is the remainder when m is divided by w(-8)?
0
Let n(r) = 18*r - 29. What is the remainder when n(6) is divided by 21?
16
Let y(j) = j - 6. Calculate the remainder when 5 - (3 + -2) - 1 is divided by y(8).
1
Let t(m) = -m**3 - 3*m**2 - 3*m + 1. Let z be t(-3). Suppose -5*u + 3*p + 40 = 0, 0 = u - 3*p - 10 - z. Calculate the remainder when u is divided by 9/2*2/3.
2
Let p = -2 - -11. Calculate the remainder when (3 - p/5)*5 is divided by 4.
2
Suppose -1070 = -8*y - 2*y. Calculate the remainder when y is divided by 12.
11
Let o = -26 + 53. Suppose -q = -o + 3. Let y = q - 1. Calculate the remainder when y is divided by 12.
11
Let u(i) = -i + 18. What is the remainder when u(-14) is divided by 12?
8
Let l = -7 - -11. What is the remainder when 11 is divided by l?
3
Let j = 58 + -29. Calculate the remainder when 110 is divided by j.
23
Let d(m) be the first derivative of 2*m**3/3 - 3*m**2/2 + 4*m + 5. Calculate the remainder when 1 + 16 + 1 + -1 is divided by d(2).
5
Suppose 100 = -3*k - 50. Calculate the remainder when (k/(-4))/(1/2) is divided by (-8 + 2)/((32/(-12))/4).
7
Let q = 0 + -9. Let i(u) = -2*u**2 - 8*u + 3. Let b be i(-6). Let n = q - b. Calculate the remainder when 23 is divided by n.
11
Calculate the remainder when 51 is divided by 4/14 - 623/(-49).
12
Let t(u) = 2*u - 3. What is the remainder when 2 - 1 - -2 - -14 is divided by t(6)?
8
Let y(l) = -l - 2. Let m be y(-3). Suppose 3*b = 5*h + 145, 5*h - 122 = -2*b + 8. Calculate the remainder when b is divided by m + (-48)/(-3) - -2.
17
Suppose -3*n - 18 = -b, -5*b + 10 + 5 = 0. Calculate the remainder when (-2)/(-1)*(4 + -1 + 1) is divided by (-2 - n)*(-1 - -2).
2
Suppose 3*m = -b + 33, b - 37 = -0*b - 4*m. Let v = -14 + b. Calculate the remainder when v is divided by 2.
1
Suppose -j + 3 = -5*l, 0*l = l - 5*j + 15. Suppose -3*i + 18 = -l. What is the remainder when 15 is divided by i?
3
Suppose 3*r - 6 + 19 = 4*j, 5*j - 30 = r. Let n = j - 4. Calculate the remainder when 8 is divided by n.
2
Suppose -2*r = 3*w - 59, -5*w = -0*r + 4*r - 99. What is the remainder when w is divided by 11?
8
Suppose -4*b - 11 + 83 = 0. Calculate the remainder when 70 is divided by b.
16
Suppose 2*j = -3*j + 3*x - 10, -3*x - 20 = j. Let m = j + 7. Calculate the remainder when (4/m)/(8/196) is divided by 13.
10
Let p = -31 + 44. What is the remainder when 48 is divided by p?
9
Let j = 24 - 15. What is the remainder when j is divided by 2?
1
Let l(k) = -k**3 + 4*k**2 - 3. Suppose 0 = 2*b - 2 - 4. What is the remainder when 16 is divided by l(b)?
4
Let r be 342/(-8) + 6/8. Let x = r - -66. Suppose 18 = d - 52. What is the remainder when d is divided by x?
22
Let a = 1365 - 1356. Suppose -4*b - 4*r + 32 = 0, 4*b + 5*r - 13 - 17 = 0. Suppose v - b = -v. What is the remainder when a is divided by v?
4
Let u(m) = 7*m**2 + 1. Suppose -2*y - 4 + 6 = 0. Let j be y + 2*2/(-1). Calculate the remainder when u(j) is divided by 22.
20
Suppose -2*h + 0*h = -2*v + 38, 3*v - 2*h - 52 = 0. Calculate the remainder when 81 is divided by v.
11
Suppose -k - 8 = -2*u, 5*u + 0*k - 29 = -2*k. Suppose -u*q + 26 = -39. Calculate the remainder when q is divided by 5.
3
Calculate the remainder when 107 is divided by -22*(1 - 3 - -1).
19
Let n = -50 + 61. Suppose -3*b + 2*b = -4. Calculate the remainder when n is divided by b.
3
What is the remainder when 254/8 + (-5)/(-20) is divided by 7?
4
Let p(m) = m**2 - 7*m + 9. Let n be p(6). Suppose 3*d = n*h, -3*h + 2*d - 7*d = -24. What is the remainder when 13 is divided by h?
1
Let o(w) = -3*w**3 - 3*w**2. Suppose 42 = -0*h + 2*h. What is the remainder when h is divided by o(-2)?
9
Suppose 0 = x - 23. What is the remainder when x is divided by ((-24)/14)/(1/(-7))?
11
Suppose -12 = 4*d - 3*b - 39, -2*b + 15 = d. Suppose 0 = 2*i - i - 16. What is the remainder when i is divided by d?
7
Let j = -32 + 45. Suppose -3*f + j = -2*f. What is the remainder when 38 is divided by f?
12
Let y(i) = 3*i + 26. Calculate the remainder when y(-6) is divided by 5.
3
Let h = -32 - -79. Let u = h - 26. Calculate the remainder when u is divided by 11.
10
Suppose -w - 40 = -5*f, 4*f + w + 7 = 39. Let j = 35 - -11. Calculate the